 - 0*u. Let y(p) = p**3 + p**2 + p - 4. Determine y(q).
-4
Let x(k) be the second derivative of 0 - 7/6*k**3 + 7*k - 1/3*k**4 + 1/20*k**5 + 2*k**2. Suppose -p + 10 = m + 1, m = 5*p - 15. Calculate x(m).
-6
Let f be (-15*(-1)/24)/(6/8). Let r(m) be the third derivative of 1/60*m**5 - 4*m**2 + 1/4*m**4 + 0*m + 0 + f*m**3. What is r(-6)?
5
Let a(n) = -119*n**3 + 3*n + 5*n**2 + 233*n**3 + n - 113*n**3 + 19. What is a(-5)?
-1
Let m(s) be the third derivative of -s**5/60 - 5*s**4/8 - 3*s**3/2 - 171*s**2. Calculate m(-15).
-9
Suppose -y + 2*z - 1 = -3, 5*y = -5*z + 10. Suppose -12 = 3*x, -3*n + 29 = -4*x + y*x. Let d = -1 + n. Let k(s) = -s**3 + 6*s**2 + 5. Calculate k(d).
5
Suppose 3*m = 2*z + 1, 5 = 4*z - 2*z - m. Let t(k) = 25 - 18 - 11 - 5*k**2 + 2*k**3 + z*k. What is t(3)?
17
Suppose 4*l - 2*l = 3*x - 5, 0 = -3*x - 3*l. Let n(o) = -3*o - 2*o**2 + o**2 + 2*o**2 - 1 + 4*o. Let k be n(x). Let i(h) = -9*h**3 + 2*h - 1. Give i(k).
-8
Let b(n) be the first derivative of -2*n**2 + n - 82. Give b(2).
-7
Let v(b) = -452 + 919 + 14*b - 456 + b**2. Give v(-14).
11
Suppose -x + 2*x + 19 = 5*h, -2*h = 5*x + 14. Let b(q) = -2*q**3 - 5*q**2 + q - 2. Determine b(x).
42
Let b(o) = 6*o - 48. Let z(j) = -4*j + 23. Let t(k) = 4*b(k) + 7*z(k). Give t(-8).
1
Suppose 3*t = 6*t - t. Let x be ((-2)/3)/(20/(-90)). Let i(c) = -2*c**3 - 7 + x*c**3 + 4*c - 4*c. Determine i(t).
-7
Let m = 97 + -92. Suppose -37 = m*j - 4*t + 4, 5*j - 5*t = -45. Let z(h) = 3*h - 1. What is z(j)?
-16
Let s(x) = x**2 + 5*x - 10. Suppose -7*t - 12 = 44. Determine s(t).
14
Let m = 4 - -1. Suppose 0 = -2*o + m + 1. Let p(c) = 0 + c**2 + 6*c - 14*c + o. What is p(6)?
-9
Let i(c) = c**3 + 6*c**2 - 47*c - 276. Let h be i(-7). Let k(f) = -f**3 + 5*f**2 - 4*f - 1. Calculate k(h).
-1
Suppose -96 = -0*o + 4*o. Let b be (9/(-4))/(9/o). Suppose -x = -0 - b. Let q(j) = j**3 - 7*j**2 + 7*j - 5. Determine q(x).
1
Let f(k) be the third derivative of -k**4/24 - 2*k**3/3 - 13*k**2. Let c be f(-7). Let u(h) = -2*h - 2. Give u(c).
-8
Let n(m) = m**3 + 5*m**2 + 5. Let f be (21/(-3) + 22)*(-2)/6. Give n(f).
5
Let r(k) = -3*k**3 + 7*k**2 + 6*k + 7. Let z(b) = 4*b**3 - 8*b**2 - 8*b - 8. Let g(c) = -5*r(c) - 4*z(c). Give g(-3).
-9
Suppose -2*n - 14 = -3*n. Let r(p) = 12*p - p - 3 - n*p. Determine r(-5).
12
Suppose -4*y - 2*n = -74, 0*y + 3*n - 31 = -2*y. Let u(r) = -34 + 8 + y + r. Determine u(6).
0
Suppose 4*y - 22 = -5*f, -f - 4 = -5*y + 3*y. Let n(t) = t**3 - t**2 - 4*t + 2. Determine n(y).
8
Let d(m) = m**2 - 7*m - 1. Let f be d(0). Let w(h) = 3*h - 3. What is w(f)?
-6
Let l(q) be the second derivative of q**8/6720 - q**7/280 - q**6/80 + q**5/60 + q**4/2 + 13*q. Let s(i) be the third derivative of l(i). Determine s(10).
12
Let j(h) be the first derivative of -h**2/2 + 3*h - 1767. Let y = -25 + 35. Suppose -y = -3*w + 5. Give j(w).
-2
Let i(y) = y**3 + 4*y**2 + 3*y - 4. Let c(x) = -5 - 20*x + 3*x**2 - 5*x**2 - 8 + 7*x. Let s(k) = -1. Let g(j) = c(j) - 4*s(j). Let n be g(-6). Determine i(n).
-4
Let q be (3*(-10)/(-15))/((-4)/(-6)). Suppose 2*w + q*w - 5 = 0. Let y(d) = -5*d - 1. What is y(w)?
-6
Let i(d) = 6*d + d**2 + 0 - 1 + 5. Suppose -5*u = -7 + 37. Let v be i(u). Let n(f) = f**2 - 4*f + 1. What is n(v)?
1
Suppose 4*y = -3*v + 32, -2*y - 9 + 3 = -4*v. Suppose 4*j - 12 = -v*d + 8, -5 = -d. Let h be -2 - (3 - 4)*j. Let w(x) = -2*x**2 + 1. Determine w(h).
-7
Let j(z) = z**2 + z - 1. Let m = -128 - -128. What is j(m)?
-1
Let f = -142 - -142. Let j(h) = -h**3 - h**2 - h - 9. Give j(f).
-9
Let k(o) be the first derivative of -o**6/120 - o**5/60 - o**4/24 + 5*o**3/6 + o**2/2 - 11. Let l(n) be the second derivative of k(n). Determine l(0).
5
Let u(f) be the third derivative of -f**6/120 + f**5/10 - f**4/12 - 5*f**3/6 - 210*f**2. What is u(4)?
19
Let p(q) be the first derivative of -q**4/4 - 7*q**3/3 - 7*q**2/2 - 4*q - 112. Determine p(-5).
-19
Let p(w) = -19*w**2 - 3 + 9*w + 8 + 1 + 18*w**2. Let q be p(9). Let k(g) = -g**2 + 5*g + 6. Let m be k(q). Let v(x) = x**3 + x + 15. Give v(m).
15
Let w(v) = -12*v + 15 + 15*v - 6*v. What is w(6)?
-3
Let n(v) = -v**3 + 5*v**2 - 2*v + 7. Let l(z) = z**3 - 13*z**2 + 14*z - 19. Let i be l(12). Determine n(i).
-3
Let f(j) = -j**2 + 3*j. Let a(x) = -5*x**2 + 22*x + 7. Let g(z) = -a(z) + 7*f(z). Calculate g(0).
-7
Let d(j) be the first derivative of j**3/3 - 3*j**2/2 - 446. Give d(3).
0
Suppose 0 = -4*m - 2*a - 30, -40*m + 42*m + 9 = 5*a. Let y(d) be the first derivative of -d**4/4 - 7*d**3/3 + d**2/2 + 8*d - 7. Calculate y(m).
1
Let q(f) = f**2 - 12*f + 6. Let m(n) = -n**3 + n**2 - 10*n + 5. Let i(b) = -6*m(b) + 5*q(b). Let u = -1 + 2. Suppose w - u = -0*w. Determine i(w).
5
Let g(o) = -12*o**3 + 2*o**2 + 3*o + 1. Let r be g(-1). Suppose -4*p + r = s - 2*s, 2*s = 3*p - 9. Let i(u) = -u**3 + 3*u**2 - 2*u + 1. Give i(p).
-5
Let k(d) = -d**2 + 2*d + 6. Let o = 256 + -252. Determine k(o).
-2
Let a(n) = 3*n**3 + n**2 + n. Let k(o) = o - 1. Let h(y) = -y - 4. Let x be h(-6). Suppose x*s - 5*s = 0. Let r be k(s). Calculate a(r).
-3
Let m(j) be the first derivative of 2*j**3/3 - 7*j**2/2 + 5*j - 2. Let d(u) = -2*u**3 + u + 3. Let i be d(-1). Calculate m(i).
9
Let q(h) be the second derivative of 1/12*h**4 + 7/6*h**3 + h - 7/2*h**2 + 0. Let x be (-6)/(-8) + 46/(-8). Calculate q(x).
-17
Let n = 103 - 95. Let s(y) = -y + 6. Calculate s(n).
-2
Let n(s) = 3*s + 5. Let u be (64 - (-3 + 15)/(-4))*-1. Let a = 62 + u. Determine n(a).
-10
Let k = 20 - 17. Let z(v) = -4*v + 4 - 7 + k. What is z(-3)?
12
Suppose g = -1 - 0, -2*g - 2 = 3*z. Let b(y) = y**2 - y + 2. Let r be b(z). Let m(x) be the third derivative of x**4/12 + x**3/6 + 3*x**2. Determine m(r).
5
Let k(a) = 0*a - a**3 + 0*a**2 - 3*a + 6*a**2 - 2 - 4. Let j(i) = -i**3 - 5*i**2 + 7*i + 13. Let l be j(-4). Let q = l + 36. Determine k(q).
4
Suppose 2*z + 4 = 2*a, 6*z + 3*a = 3*z + 24. Suppose 5*u - y = -3*y - 2, -2*y - 2 = z*u. Let l(r) = 1 + r + 6 - 2 + u. Give l(0).
5
Let f = 12 + -17. Let u(v) = 6 - 26*v**2 + 0*v - 21*v**2 + 42*v**2 + v + v - v**3. Give u(f).
-4
Let o(k) = -k**3 + 9*k**2 + 2*k + 22. Let b be o(9). Let l = b - 42. Let r(q) = -4*q**2 + q - 2. Determine r(l).
-20
Let q(f) be the first derivative of f**3/3 - 7*f**2 + 7*f + 185. Determine q(10).
-33
Let h(y) = -y + 3. Suppose 0*o - 3*o = 3, -4*o - 10 = 3*n. Let j be 2 - ((-1 - n) + (-20)/(-5)). What is h(j)?
6
Let b(n) = 10*n**3 - 13*n**2 - 14*n - 17. Let s(j) = 7*j**3 - 9*j**2 - 10*j - 12. Let o(p) = -5*b(p) + 7*s(p). Let h be 1/(-3)*(-11 + 2). What is o(h)?
-8
Suppose -96 = -14*h - 12. Let i be -5 - 3/(h/(-4)). Let c(p) = p**2 + 4*p + 4. Calculate c(i).
1
Let c(t) = -t**3 + 10*t**2 - 8*t + 8. Let y be c(9). Suppose 0 = 2*p - y + 5. Suppose -5*z + p = -2*z. Let r(g) = -g**2 - 2*g - 1. What is r(z)?
-9
Let a(s) = 3*s**2 - 2*s - 2. Let h be a(2). Let n(f) = -h + 5 - 2*f + 0 + 4*f. Suppose 3*g + 0*g - 13 = -4*m, 21 = 4*m - 5*g. Give n(m).
7
Let j = 375 + -373. Let q(m) = 6*m - 2. Give q(j).
10
Let w(l) = -3*l - 21. Let z(u) = -2*u - 15. Let a(i) = -5*w(i) + 8*z(i). What is a(-6)?
-9
Suppose -5*t - a = 79, 5*t + 4*a = -92 + 16. Let u = -21 - t. Let m(q) be the second derivative of q**5/20 + 5*q**4/12 + 3*q**2 - 6*q. Calculate m(u).
6
Let q be (0 + 1)*(-1 - 14). Suppose 0 = g + 3*y - 12, -y - 61 = -23*g + 19*g. Let x = g + q. Let v(s) = s**3 - s**2 - s + 13. Determine v(x).
13
Let o(l) be the second derivative of -l**5/20 - l**4/12 - l**2 + 7*l - 1. Let i = 7 - 9. Calculate o(i).
2
Let j(u) be the first derivative of 4*u**3/3 - u**2/2 - 2*u - 233. Determine j(-2).
16
Let r(p) = -p**3 - 4*p**2 - 5*p - 3. Let c be r(-3). Suppose c*q = b + 2, 2*b - b = -3*q + 10. Let s(y) = -7*y**3 - 2*y**3 - y**3 + y - y**q. Calculate s(1).
-10
Let n(w) be the first derivative of -w**2/2 + 3*w + 1. Let i be (-2)/(-3 + 4) - (1 + -9). Give n(i).
-3
Let g(b) = b**3 + 4*b**2 + 3*b + 1. Let q = -13 + 10. Calculate g(q).
1
Let l(q) be the first derivative of q**3/3 - 2*q**2 - 4*q + 2. Let u be 6/(4 + 6/(-4) - 1). Determine l(u).
-4
Let c(r) = -19*r + 11. Let a(b) = 34*b - 21. Let s(w) = 4*a(w) + 7*c(w). Calculate s(3).
2
Let f(i) = 9*i**2 + 22*i + 24. Let t be f(-1). Let j(d) = d**3 - 12*d**2 + 11*d + 13. Determine j(t).
13
Let n(a) = -a**3 - 2*a**2 - 4*a + 5. Suppose 24 = -3*m + 7*m. Let u(y) = -2*y**3 - 2*y